digit of o(29)?
2
Suppose k + 11688 + 11466 = 5*a, -5*a = 4*k - 23134. What is the units digit of a?
0
Let r(t) = 1363*t - 687. What is the thousands digit of r(3)?
3
Let j be (8/10)/((-11)/55). What is the tens digit of j - 12/(-6) - (0 + -521)?
1
Suppose 4*a + 2136 = -4*a. Let d be (a + -1)/((8 + 12)/(-10)). Let n = 17 + d. What is the hundreds digit of n?
1
Suppose 9*t - 69*t = 10920. Let c = 504 + t. What is the units digit of c?
2
Let o = 22140 - 12725. What is the thousands digit of o?
9
Suppose -4*k + 12 = -j - k, k - 17 = -4*j. Suppose -4*f + 2 = d + 1, -3*d = 5*f - j. What is the tens digit of 9/(-6)*(f - 128)?
9
What is the tens digit of 83518/4 + 136/272?
8
Let i(l) = 545*l**3 - 27*l**2 + 13*l + 42. What is the tens digit of i(5)?
5
Let h(f) = -f**3 - 28*f**2 + 153*f - 130. What is the tens digit of h(-41)?
5
Suppose -489 = -6*l + 3357. Let s = -339 + l. What is the tens digit of s?
0
Suppose -4*r - 8*x = -5*x + 3, 0 = 3*r - 3*x - 24. Suppose -2*d + t + 849 = 0, -2*d = r*d - 3*t - 2120. What is the tens digit of d?
2
Let t = 94 + 123. Let n = t + 282. What is the hundreds digit of n?
4
What is the hundreds digit of 955 - 1/((-3 - 1)/20)?
9
Let i = 28531 + -18983. What is the units digit of i?
8
Let l(q) = 9*q**2 + 9*q - 2. Suppose 2*b = a - 5 + 20, b - 3*a = 20. What is the hundreds digit of l(b)?
2
Let y be 12/21 - 5259/(-21). Let k = y - 89. What is the hundreds digit of k?
1
Let z = 2690 - 881. What is the units digit of z?
9
Suppose -272*y + 17885560 = 113*y. What is the hundreds digit of y?
4
Let z = -9461 - -14072. What is the tens digit of z?
1
Suppose 2*w = -2*w + 2*i + 6, 0 = i - 5. What is the tens digit of (-6)/9*(7434/w)/(-7)?
7
Suppose -3*k + k - 12 = -3*c, 5*k + 23 = 4*c. Suppose -1447 = -c*i + 839. What is the hundreds digit of i?
1
Suppose -13 = -3*y - 3*c - 4, 4*c = -5*y + 17. Suppose -4*a + 136 = -4*q, 0 = -5*a + y*q - 6*q + 200. What is the tens digit of a?
3
Suppose -67*b + 21*b + 402941 = -902447. What is the tens digit of b?
7
Suppose 23 = -c + 27. Let z(s) = -c*s**2 + 6*s**2 - 3 + 13 - s**2. What is the tens digit of z(10)?
1
Let u(b) = -18*b + 11931. What is the ten thousands digit of u(0)?
1
Suppose 497555 = -g + 10*g - 217792. What is the units digit of g?
3
What is the units digit of (-6*(-2179)/8)/(7*(-7)/(-392))?
4
What is the units digit of ((-15642)/27)/((-2)/48) - 8?
6
Let g(o) = -o**3 + 14*o**2 - o + 20. Let x be g(14). Let f be (x/24)/((-3)/(-4))*6. Suppose -244 - 76 = -f*v. What is the tens digit of v?
6
Suppose -m - 5*v + 0 + 10 = 0, -5*m + 2 = v. Suppose 3*p - g - 1907 = m, -5*g = -6 + 16. What is the tens digit of p?
3
Let m(u) = -7*u**2 + 41*u + 3. Let h be m(6). What is the tens digit of 2*400 - (h + 13)/(-5)?
0
Let w be (8 + 320/(-35))/((-1)/7). Suppose -3*x + w*x - 1995 = 0. What is the tens digit of x?
9
Suppose -41*z + 4*z = -125578. What is the hundreds digit of z?
3
Let l(j) = 4*j**3 + 3*j**2 + 13*j + 6. Let d be l(-7). Let q = -912 - d. What is the hundreds digit of q?
3
Let t(s) be the first derivative of -s**2/2 - 4*s + 7. Let z be t(-7). What is the tens digit of z + (-292)/(-4) + -1?
7
Let x(y) = 4*y + 17. Let s be x(-6). What is the units digit of s/((-7)/450) + -1?
9
Let v be ((-2)/2*-5)/((-14)/1442). Let w = v - -873. What is the hundreds digit of w?
3
Suppose 478*b - 244224 = 470*b. What is the tens digit of b?
2
What is the units digit of 6/(-9) - ((-136976)/21 + -13)?
5
What is the thousands digit of 6/12*-24 + 6481?
6
Suppose -1954 = -4*g - 2*c, -9*g - 2495 = -14*g + 5*c. What is the tens digit of g?
9
Let z = 868 - -16337. What is the units digit of z?
5
Let j(l) = -2166*l - 12979. What is the units digit of j(-9)?
5
Suppose -5*p + 1 = 6. Let r be 4 + 3/p + 660/2. Suppose 0*v + r = 3*w - 5*v, -4*w - v + 426 = 0. What is the units digit of w?
7
Suppose 5*z = -3*u - 5 + 58, 51 = 5*z + u. Suppose 0 = z*s - 2040 - 4930. What is the hundreds digit of s?
6
Let x(f) = -f - 16. Let v be x(-17). Let r be (v/2)/((-5)/(-40)). Suppose 0 = r*k - 43 - 29. What is the tens digit of k?
1
Suppose -4*x + 3183 = 3*s - 5*x, 0 = x - 3. Suppose 16*a - s = 13*a. What is the units digit of a?
4
Let k(z) = 8*z + 3. Let j be k(7). Let y(t) = t - 244. Let b be y(36). Let p = j - b. What is the units digit of p?
7
Let y = 1178 - 35. Suppose -3*i + 858 = 2*w, 0*i + 3*w - y = -4*i. What is the hundreds digit of i?
2
What is the tens digit of (225/(-150))/(9/(-215958))?
9
Let x(b) = b**3 - 29*b**2 - 20*b + 65. Let w = 491 - 460. What is the thousands digit of x(w)?
1
Let d(q) = -q**3 + 18*q**2 - 11*q - 8. Let c be d(16). Suppose 8*o - 3360 + c = 0. What is the hundreds digit of o?
3
Let z(m) = 929*m**3 + 4*m**2 - 2*m - 7. Let j be z(-3). What is the hundreds digit of j/(-40) - (-1)/(-5)?
6
Let w be 20*(-2 - (-112)/(-10)). Let b(t) = -148*t**3 + 4*t**2 - 12*t + 10. Let c be b(1). Let k = c - w. What is the units digit of k?
8
Let z(b) = 23*b + 182. Let n be z(29). Let m = n - 442. What is the tens digit of m?
0
Suppose -19*x = -24*x - 225. Let p = x - -49. Suppose 0 = w - p*r - 26, -r - 2 - 1 = 0. What is the units digit of w?
4
Suppose 21*b - 37*b = -80. Suppose 0 = -5*l - 3*c + 1736 - 271, 271 = l + b*c. What is the hundreds digit of l?
2
Let m = -4030 + 10127. What is the units digit of m?
7
What is the units digit of 690/1840 - (-55533)/8?
2
Let v(u) = -3*u + 40. Let g be v(14). Let p be ((-468)/8)/(-13) + g/(-4). Suppose -3*r + p*i + 0*i = -206, 5*i = -5*r + 410. What is the tens digit of r?
7
Suppose 0 = -l - 1, -v = -0*l - 4*l - 104. What is the hundreds digit of v/600 - 2123/(-6)?
3
Suppose -l = -3*p - 1428, 3*l = -5*p + 9*p + 4304. Suppose 0 = 7*d - 13*d + l. What is the units digit of d?
0
Let j(c) = -c**3 - 23*c**2 - 61*c + 10. Let v be j(-20). Let r(k) = -k**3 - 7*k**2 - k + 3. Let b be r(-7). Suppose -v - b = -4*z. What is the units digit of z?
0
Let q be (-7)/3*(0 - -3). Let a(o) = 3*o**2 + 96*o + 552. Let s be a(-6). Let i = s + q. What is the units digit of i?
7
Let z be 61 + -59 - (-234 - 1 - -1). Suppose -4*j - z - 250 = -n, 4*n + 5*j = 1965. What is the units digit of n?
0
Suppose 15033*h - 15022*h = 116908. What is the hundreds digit of h?
6
Suppose 0 = -s - 3*i - 12, 5 = -5*s + 2*i + 30. Suppose 0 = -s*b + l + 1533, -3*b + 1022 = -b - 5*l. What is the tens digit of b?
1
Let b(q) = -238*q + 32384. What is the tens digit of b(0)?
8
Let z = -93 + 104. Let c be 118/3 - z/33. Let n = 111 - c. What is the tens digit of n?
7
Let t(u) = 1950*u - 7153. What is the ten thousands digit of t(16)?
2
Suppose 128*c - 3722802 = 566222. What is the tens digit of c?
0
Suppose -4826186 = -296*k + 143062. What is the thousands digit of k?
6
Suppose 0 = -l + q + 9575, -5*q + 181 = 161. What is the units digit of l?
9
Let q be 6053 + (-12)/(-3) + -3. Suppose -t - 3*h = 1090 + 428, q = -4*t - 3*h. What is the tens digit of t/(-26) + 6/(-39)?
5
Suppose -2*s = -17*m - 5781 - 77586, -166617 = -4*s - 5*m. What is the units digit of s?
8
Let d(r) = -9*r - 197. Suppose -13*u - 24 = -17*u. Let w(p) = 1. Let q(z) = u*w(z) - d(z). What is the units digit of q(0)?
3
Suppose 2*p + 13 = 3*o, -3*o - 5*p + 4*p + 7 = 0. Suppose 5*l - o*g + 72 = 0, 2*g + 3 = -g. What is the tens digit of (-170)/(-3) - 5*(-2)/l?
5
Suppose -w + 14704 = -4*n + 94151, -3*n = 2*w - 59599. What is the hundreds digit of n?
8
Let c be 5/40*4*0. Let q(x) = x + 296. What is the hundreds digit of q(c)?
2
Let p(k) be the first derivative of 33*k**2/2 - 162*k - 257. What is the units digit of p(7)?
9
Let g be (-1)/3 + (-49)/(-3). Let h = -4657 + 5157. Suppose -12*l = -g*l + h. What is the hundreds digit of l?
1
Let i(w) = 75*w - 9. Let y be i(2). Suppose 2*h - 5*x - 785 = 0, 3*h + x - y - 1028 = 0. What is the units digit of h?
0
Let v = 1412 - 49. Suppose -7*p + 6739 = v. What is the hundreds digit of p?
7
Suppose -k = p - 5256, -52*p = -54*p - 2. What is the tens digit of k?
5
Suppose 0 = -12*n - 21 + 105. What is the tens digit of -4 + n/(-7) + 618?
1
Suppose -247*g + 249*g = 132. What is the units digit of (44/g)/((-4)/1974*-1)?
9
Let x(k) = -2845*k + 3307. What is the ten thousands digit of x(-19)?
5
Suppose -o + 1979 = -2638. What is the hundreds digit of o?
6
Suppose -147*u + 143*u = -60. Suppose -u*s + 9*s + 2424 = 0. What is the tens digit